
Convert -11010110001011101011 (base 2) to base 6.
-30445311
Convert -3523b (base 15) to base 11.
-10618a
Convert 11451728 (base 9) to base 6.
315411125
Convert 1100110100101011000 (base 2) to base 13.
11933b
-132230032 (base 4) to base 7
-1032334
-10011110000010001110 (base 2) to base 16
-9e08e
310138 (base 15) to base 13
637130
What is 3ab646 (base 14) in base 16?
1ef5fe
What is -5023553 (base 10) in base 7?
-60461633
100314322 (base 5) to base 15
7dd27
-1277728 (base 10) to base 8
-4677440
Convert -7a6183 (base 11) to base 3.
-2102010112012
Convert -33530 (base 8) to base 11.
-a710
-111010001011110000010 (base 2) to base 7
-22130330
Convert 1264713 (base 8) to base 7.
3005203
What is -c14a7 (base 13) in base 9?
-576237
Convert 30203164 (base 8) to base 11.
3653386
487ad6 (base 15) to base 11
1a59aa1
What is -11101000111000100011 (base 2) in base 7?
-11052011
Convert -47732d (base 14) to base 12.
-998091
What is 135400 (base 12) in base 8?
1161400
Convert 284164 (base 11) to base 12.
195461
What is c778d (base 15) in base 9?
1164067
What is -1625b6 (base 12) in base 5?
-44040222
-2100440104 (base 5) to base 14
-803572
What is -216967 (base 11) in base 5?
-42032031
-24136 (base 12) to base 3
-2110121220
What is 521500300 (base 6) in base 9?
18013430
What is 57608 (base 13) in base 12?
78172
What is 10359a (base 13) in base 9?
636621
What is -1022202121221 (base 3) in base 4?
-2223313012
Convert -11210100120101 (base 3) to base 15.
-3545dd
ff1b (base 16) to base 10
65307
a968 (base 15) to base 3
1211012122
What is -1022243 (base 5) in base 4?
-10030232
Convert -22300355 (base 6) to base 7.
-5515520
-2756124 (base 8) to base 7
-6415116
Convert 62227 (base 10) to base 11.
42830
Convert 201201120020 (base 3) to base 11.
245765
Convert -1350c13 (base 15) to base 11.
-7950831
What is 1011111100111100101010 (base 2) in base 14?
5b7bbc
-202001 (base 4) to base 6
-14025
What is -1101100000111100101001 (base 2) in base 3?
-20122222211202
What is -1302012025 (base 6) in base 3?
-1001121211101122
What is 3e0138 (base 15) in base 4?
23121102101
Convert -20207235 (base 8) to base 3.
-22000121112102
What is 101303233222 (base 4) in base 7?
54452323
332739 (base 16) to base 7
40331460
11100100100000100 (base 2) to base 15
249eb
Convert 10989a (base 12) to base 4.
1000312312
Convert -18ac76 (base 13) to base 7.
-5205611
Convert -9da4 (base 14) to base 13.
-c60a
Convert 301b3 (base 15) to base 4.
211023030
42020403 (base 5) to base 6
11221411
-534904 (base 12) to base 6
-44102004
-59da (base 16) to base 15
-6c37
What is 1114141 (base 7) in base 4?
201301003
Convert -3125a (base 12) to base 14.
-19606
What is 96089 (base 16) in base 12?
257775
What is -10330133231 (base 4) in base 9?
-2385245
What is -1df83c (base 16) in base 12?
-7a8764
What is -1224440433 (base 5) in base 6?
-143341511
Convert -122120210 (base 4) to base 9.
-174215
What is -111110100010111101 (base 2) in base 12?
-104311
What is 6265 (base 14) in base 4?
10020301
314402322 (base 5) to base 7
14156646
What is 12b8 (base 13) in base 6?
20234
What is -35598 (base 10) in base 11?
-24822
Convert 1140011300 (base 5) to base 2.
1010001000101100110011
What is a411a (base 11) in base 12?
73a84
-14685278 (base 9) to base 16
-6faf61
-197671 (base 10) to base 13
-6bc86
What is 4330431 (base 5) in base 15?
16d46
2439608 (base 11) to base 2
10000001100000111111010
Convert -2183c5 (base 13) to base 8.
-3005617
Convert -2049b (base 13) to base 12.
-29632
What is 105da (base 16) in base 5?
4121114
Convert 72698 (base 14) to base 10.
275710
What is 19687 (base 10) in base 11?
13878
What is -264166 (base 7) in base 10?
-49489
-13201334 (base 6) to base 2
-1101010011001011010
Convert -4481580 (base 9) to base 14.
-46c4aa
2364123 (base 7) to base 3
120022200000
-1d37f (base 16) to base 6
-2322023
-3641453 (base 7) to base 14
-c112a
What is -100011111111101110101 (base 2) in base 7?
-13011542
Convert -1010011011000001101 (base 2) to base 16.
-5360d
What is -5764056 (base 8) in base 14?
-2cad9c
What is 6831856 (base 10) in base 11?
3946969
Convert 305254 (base 6) to base 11.
17466
What is 6483756 (base 9) in base 4?
31101221013
What is 86c4 (base 14) in base 10?
23300
What is -1c790 (base 16) in base 6?
-2255532
What is -1320b (base 15) in base 7?
-343313
What is 1001233330 (base 4) in base 12?
10ba24
Convert 71d55 (base 16) to base 8.
1616525
Convert -20123020 (base 5) to base 11.
-aaa73
Convert 520051432 (base 6) to base 8.
42145314
What is 1135356 (base 10) in base 3?
2010200102020
-b9832 (base 15) to base 2
-10001111110100101001
-46704 (base 15) to base 10
-224329
Convert 3a2197b (base 12) to base 13.
24c4337
What is -b180b9 (base 12) in base 13?
-760866
-3a8e7 (base 15) to base 2
-101101110011111010
Convert -552414110 (base 6) to base 15.
-d10853
-67090 (base 13) to base 9
-314284
-1010111001111011010 (base 2) to base 8
-1271732
-54503226 (base 7) to base 16
-474fd5
Convert -12619b (base 12) to base 6.
-10241115
Convert 1100100010010110011011 (base 2) to base 16.
32259b
-543202 (base 9) to base 8
-1170400
-ce17d6 (base 16) to base 11
-7695713
Convert 111100001101100100 (base 2) to base 7.
2045014
838108 (base 9) to base 11
310174
230121200 (base 4) to base 5
21304411
What is 4aa663 (base 12) in base 8?
4520453
-100010001111010110 (base 2) to base 7
-1122611
What is 335734 (base 8) in base 13?
3c948
10010111220 (base 3) to base 9
103456
Convert -2174e5 (base 15) to base 8.
-6051403
Convert 1124323 (base 5) to base 2.
101000001101100
Convert 1066106 (base 10) to base 2.
100000100010001111010
Convert -11101010110111001 (base 2) to base 9.
-202850
Convert 2225212 (base 7) to base 14.
725b2
22101022022011 (base 3) to base 6
235250134
What is 1212011021 (base 3) in base 10?
36565
What is -11020012002000 (base 3) in base 2?
-1000100100101110001001
Convert 10563431 (base 7) to base 12.
38633b
-bba1d (base 16) to base 11
-485464
What is 6b316 (base 12) in base 14?
3a60a
-312132020 (base 4) to base 9
-370042
1c3cc5 (base 14) to base 8
3663645
1021222100002 (base 3) to base 15
d8e9b
-22444560 (base 7) to base 16
-1debab
What is -101010000000010101 (base 2) in base 6?
-3404313
Convert -23a58 (base 13) to base 14.
-19c0c
-d2c4 (base 16) to base 11
-375a1
Convert -38991a (base 11) to base 9.
-1134342
Convert -544a2 (base 12) to base 7.
-642314
216603 (base 8) to base 13
27365
-507a07 (base 12) to base 16
-1330e7
221010121120 (base 3) to base 8
1706165
What is 1110101001010001111 (base 2) in base 11?
2a8601
Convert 36973 (base 12) to base 5.
4331314
Convert 73bc2 (base 15) to base 12.
158585
Convert 31330010302 (base 4) to base 6.
210152214
423624 (base 7) to base 5
4321441
What is 1022200202102 (base 3) in base 8?
2534162
What is 385b (base 13) in base 6?
101043
Convert 8b76c0 (base 15) to base 10.
6657030
Convert 1939ac (base 14) to base 16.
da314
What is -4304753 (base 8) in base 2?
-100011000100111101011
What is 35305c (base 14) in base 11?
102986a
Convert 10101001001010011 (base 2) to base 9.
141724
Convert 2550356 (base 7) to base 15.
6836b
Convert a6a27 (base 13) to base 10.
300515
Convert -801919 (base 10) to base 5.
-201130134
What is -1303202022 (base 4) in base 10?
-473226
640162 (base 8) to base 15
43221
What is 3b6605 (base 14) in base 2?
111110101011000111101
32515410 (base 6) to base 2
11101101111010111110
-261101 (base 8) to base 14
-2509b
Convert 2121122020112 (base 3) to base 9.
2548215
Convert -112022002 (base 3) to base 12.
-6048
What is 14310211 (base 5) in base 16?
24c99
Convert 17746627 (base 8) to base 5.
2032301044
Convert -2203011101 (base 4) to base 9.
-1227265
What is -11101110011011011111 (base 2) in base 5?
-222222412
33825f (base 16) to base 5
1331010321
102201300121 (base 4) to base 13
10108a5
2c005d (base 15) to base 4
20013020002
Convert -3033223 (base 6) to base 15.
-2cc96
Convert -168396 (base 11) to base 4.
-333132231
What is -21b130 (base 14) in base 5?
-243110421
Convert 6167213 (base 8) to base 2.
110001110111010001011
What is ad0c1 (base 16) in base 4?
2231003001
1547422 (base 9) to base 12
3548b5
What is 897469 (base 10) in base 12?
373451
Convert -2342443411 (base 5) to base 6.
-312312540
What is -60035 (base 7) in base 8?
-34140
Convert -162137 (base 9) to base 4.
-120122110
-